etermine b(34).
753
Let b(t) = -94*t**3 + t**2 + 11*t + 10. Calculate b(-1).
94
Let d(p) = 19*p**2 - 3*p + 1. What is d(4)?
293
Let h(x) = -13*x + 38. What is h(6)?
-40
Let m(y) = -y**2 - 284*y - 2748. Determine m(-274).
-8
Let j(f) = -2*f**3 + 114*f**2 - 108*f - 230. What is j(56)?
-6
Let w(f) = -f**2 - 203*f - 202. What is w(-202)?
0
Let j(t) = -2*t**2 - 291*t - 2323. Calculate j(-137).
6
Let d(v) = 5*v - 215. Give d(36).
-35
Let y(j) = -39*j**2 + 42*j + 45. Calculate y(-1).
-36
Let s(j) = 5925*j - 106643. Calculate s(18).
7
Let p(x) = x**3 + 14*x**2 - 10*x - 11. What is p(-8)?
453
Let k(r) = -2*r**2 - 28*r + 75. Determine k(5).
-115
Let m(z) = 28*z + 1127. Give m(-38).
63
Let p(c) = 5406*c - 59461. Determine p(11).
5
Let b(c) = -c**2 - 14*c + 407. Calculate b(16).
-73
Let q(z) = 87*z + 258. Calculate q(-3).
-3
Let d(c) = -c**3 + 21*c**2 + 296*c + 396. Calculate d(31).
-38
Let w(z) = -219*z - 8525. Calculate w(-39).
16
Let m(c) = -9*c**3 + 3*c**2 - 154*c - 160. What is m(-1)?
6
Let v(y) = -2*y**3 - 46*y**2 - 89*y + 14. Calculate v(-21).
119
Let s(h) = 20*h - 59. Determine s(0).
-59
Let s(u) = -u**3 + 49*u**2 - 190*u + 69. Calculate s(45).
-381
Let d(q) = 6*q - 59. Calculate d(7).
-17
Let u(n) = n**3 + 80*n**2 + 375*n - 7. What is u(-75)?
-7
Let k(y) = -6*y**2 - 252*y - 909. Determine k(-4).
3
Let a(c) = -2*c**3 - 45*c**2 - 172*c - 18. What is a(-4)?
78
Let i(h) = -2*h**2 + 97*h + 40. What is i(49)?
-9
Let r(v) = -243*v + 4857. Determine r(20).
-3
Let r(f) = 27*f - 598. What is r(20)?
-58
Let z(f) = 24*f**3 - f**2 + f - 1. What is z(1)?
23
Let n(x) = 46*x - 1183. Calculate n(26).
13
Let q(a) = -47*a**2 - 23*a - 23. What is q(-1)?
-47
Let b(j) = -3*j**3 - 13*j**2 - 2*j - 56. Give b(0).
-56
Let t(j) = -4*j + 61. Give t(-17).
129
Let b(h) = -h**2 - 13*h + 350. Calculate b(13).
12
Let f(g) = -5067*g - 60782. Give f(-12).
22
Let l(i) = i**3 - 29*i**2 + 53*i + 29. Determine l(27).
2
Let n(s) = 10*s**3 - 2*s**2 + 37*s + 39. Determine n(-1).
-10
Let w(o) = 3*o**2 + 5*o - 113. Calculate w(-9).
85
Let r(t) = -10*t**3 - 23*t**2 + 39*t + 10. Determine r(2).
-84
Let j(a) = -80*a + 486. Calculate j(6).
6
Let h(q) = -3*q**3 - 22*q**2 - 121*q - 791. Determine h(-7).
7
Let w(z) = -7*z**2 - 67*z - 111. Determine w(-2).
-5
Let y(m) = m**3 + 75*m**2 + 220*m + 296. Determine y(-72).
8
Let u(y) = -y**3 - 7*y**2 - 8*y - 128. Determine u(-8).
0
Let m(n) = -3*n**3 - 9*n**2 - 7*n - 1. Give m(-3).
20
Let j(t) = -42*t + 25. Give j(5).
-185
Let g(m) = -344*m - 65357. Calculate g(-190).
3
Let m(k) = k**3 - 83*k**2 + 83*k - 79. Give m(82).
3
Let x(s) = -s**3 + 9*s**2 - 45*s + 220. Give x(6).
58
Let w(y) = y**3 + 14*y**2 + 25*y - 21. Calculate w(-9).
159
Let x(v) = 23*v**2 + 10*v + 1. What is x(-3)?
178
Let d(k) = 5*k**2 - 13*k - 105. Determine d(6).
-3
Let l(t) = 10*t**2 + 137*t + 364. What is l(-10)?
-6
Let m(k) = -4*k - 191. What is m(-10)?
-151
Let p(d) = -33*d - 85. Give p(-3).
14
Let t(l) = -2*l**3 - 7*l**2 - 8*l - 17. Determine t(-3).
-2
Let i(h) = 6*h**3 + 30*h**2 + 32*h + 11. Calculate i(-5).
-149
Let h(o) = 8*o**2 + 2*o + 15. Determine h(-2).
43
Let g(l) = l**3 - 27*l**2 + 22*l + 32. What is g(26)?
-72
Let x(n) = -2*n**3 + 14*n**2 - 38*n + 163. Determine x(6).
7
Let o(s) = -3*s**2 - 80*s + 441. Calculate o(6).
-147
Let k(p) = -102*p - 65. Give k(-1).
37
Let h(k) = k**3 - 70*k**2 + 8*k - 556. Give h(70).
4
Let z(j) = j**3 - 10*j**2 + 15*j - 40. Determine z(10).
110
Let p(u) = -u**2 + 1186*u + 60514. Give p(-49).
-1
Let j(x) = 104*x + 832. Calculate j(-9).
-104
Let r(b) = b**3 + 65*b**2 + 237*b - 145. Calculate r(-61).
282
Let a(z) = 3*z**3 - 11*z**2 - 18*z - 8. Calculate a(5).
2
Let x(w) = -w**2 + 14*w + 27. Give x(-10).
-213
Let p(r) = r**2 + 281*r + 3717. Give p(-14).
-21
Let l(z) = z**2 - 45*z - 624. What is l(56)?
-8
Let p(d) = d**2 + 16*d - 82. Calculate p(-19).
-25
Let c(s) = -141*s + 3416. Give c(25).
-109
Let q(i) = i**3 + 10*i**2 - 12. What is q(-10)?
-12
Let t(m) = -3*m**2 - 64*m + 1150. What is t(11)?
83
Let v(j) = -j**3 - 41*j**2 + 92*j + 79. Give v(-43).
-179
Let r(a) = -a**2 - 10*a + 97. Give r(7).
-22
Let r(k) = -927*k - 3634. What is r(-4)?
74
Let y(u) = -u**3 - 21*u**2 - 111*u - 13. Determine y(-11).
-2
Let j(g) = 10*g**2 + 79*g + 15. Give j(-8).
23
Let w(n) = -844*n + 21955. Calculate w(26).
11
Let m(v) = 2*v**3 + 16*v**2 - 57*v - 19. Give m(4).
137
Let x(z) = 47*z + 380. What is x(-8)?
4
Let x(j) = -j**3 + 23*j**2 + 12*j + 58. What is x(24)?
-230
Let l(i) = -22*i + 307. Calculate l(21).
-155
Let q(y) = -17*y - 291. Determine q(-17).
-2
Let l(q) = -q**3 + 18*q**2 + 25*q + 268. Determine l(20).
-32
Let o(s) = -57*s + 827. Calculate o(10).
257
Let z(c) = 83*c - 1328. Determine z(16).
0
Let x(j) = 62*j - 40. Determine x(0).
-40
Let v(y) = y**3 - 13*y**2 + 26*y - 75. Determine v(13).
263
Let c(s) = -3*s**3 - 26*s**2 - 9*s + 30. Calculate c(-9).
192
Let r(o) = -57*o**2 + 6*o + 4. Determine r(-1).
-59
Let p(m) = -375*m - 1115. Give p(-3).
10
Let t(h) = -7*h**2 + 2*h - 16. Determine t(0).
-16
Let a(w) = -w**3 + 737. What is a(0)?
737
Let o(i) = -14*i**2 - 301*i - 681. Determine o(-19).
-16
Let l(q) = -21*q + 673. What is l(43)?
-230
Let w(q) = -q**3 + 46*q**2 - 208*q + 69. Calculate w(41).
-54
Let q(l) = -2*l**2 + 218*l - 2659. Determine q(14).
1
Let a(q) = -22*q - 57. What is a(-2)?
-13
Let l(d) = d**3 + 4*d**2 - 149*d - 300. What is l(-2)?
6
Let r(q) = -q**3 - 20*q**2 + 510*q - 516. What is r(-35)?
9
Let k(i) = i**3 - 145*i**2 - 916*i + 1497. Calculate k(151).
-13
Let j(u) = u**3 + 7*u**2 + 13*u + 9. Calculate j(-5).
-6
Let c(t) = -9*t**2 + 4*t + 8. Calculate c(0).
8
Let x(u) = 2*u**2 + 64*u + 242. Give x(-4).
18
Let r(a) = -70*a + 10509. Calculate r(150).
9
Let w(s) = -2*s**2 - 409*s + 1025. Give w(-207).
-10
Let t(b) = -635*b - 71. Calculate t(0).
-71
Let h(t) = t**2 - 103*t + 6. Determine h(0).
6
Let j(b) = -b**2 + 61*b - 215. Determine j(57).
13
Let r(a) = -86*a + 2146. Give r(25).
-4
Let j(q) = -q**2 - 31*q - 198. Calculate j(-9).
0
Let r(b) = -2*b**3 - 18*b**2 + 654*b - 145. Determine r(14).
-5
Let t(y) = 3*y**2 + 777*y + 7662. Give t(-10).
192
Let c(h) = 178*h - 3390. Determine c(19).
-8
Let p(l) = 85*l - 1632. Give p(18).
-102
Let i(o) = -12*o**2 - 380*o + 121. Calculate i(-32).
-7
Let q(s) = 9*s**2 - 83*s + 181. Give q(3).
13
Let q(c) = c**3 + 9*c**2 + 32*c + 373. Determine q(-10).
-47
Let g(i) = -5*i**3 + 3*i**2 + 6*i - 2. Calculate g(-2).
38
Let a(r) = r**3 - 38*r**2 - 51*r - 43. Give a(39).
-511
Let p(w) = 2*w**2 + 24*w + 24. Determine p(-13).
50
Let j(c) = c**2 + 359*c + 1069. Calculate j(-3).
1
Let k(g) = -3*g**3 + 4*g**2 + 85*g - 10. Give k(6).
-4
Let d(q) = 9*q**2 - 41*q - 146. Determine d(6).
-68
Let g(m) = -m**3 - 23*m**2 + 108*m - 29. Give g(-27).
-29
Let a(o) = 15541*o + 8. Determine a(0).
8
Let m(g) = -18*g + 16. Give m(0).
16
Let m(g) = -g**3 - 23*g**2 - 15*g + 184. Determine m(-22).
30
Let w(k) = 351*k + 2923. Calculate w(-8).
115
Let u(r) = r**2 - 3*r + 29. Determine u(7).
57
Let g(b) = -b**3 - 15*b**2 + 76*b - 33. What is g(-19)?
-33
Let k(d) = -89*d**2 - 2401*d + 60. Determine k(-27).
6
Let j(d) = -30*d**3 - 2*d**2 + 7*d - 11. Give j(2).
-245
Let l(s) = -1108*s + 8884. Determine l(8).
20
Let b(r) = 133*r - 5983. Determine b(45).
2
Let b(n) = 27*n - 8. What is b(10)?
262
Let u(v) = -2*v**2 - 33998*v - 67992. Determine u(-2).
-4
Let w(b) = -b**3 - b**2 - 4*b - 7. Give w(-6).
197
Let z(f) = -f**3 + 17*f**2 + 4*f - 79. Determine z(17).
-11
Let r(c) = c**3 + 6*c**2 + 17*c + 87. Give r(-5).
27
Let i(g) = -7*g**2 + 13*g + 66. What is i(-6)?
-264
Let t(j) = -j**3 - 302*j**2 - 236*j + 19561. Calculate t(-301).
-4
Let g(w) = -w**2 - 25*w + 47. What is g(-4)?
131
Let z(i) = -2*i**2 - 18*i + 8. What is z(-11)?
-36
Let x(h) = -2*h**2 - 61*h - 355. Give x(-8).
5
Let w(s) = s**3 - 8*s**2 - 2*s + 50. Determine w(5).
-35
Let c(o) = -234*o + 5379. Calculate c(23).
-3
Let i(o) = 6*o**3 - 499*o**2 + 63*o + 1668. Give i(83).
8
Let t(k) = 5538*k - 33244. Determine t(6).
-16
Let v(w) = 1620*w - 38886. Determine v(24).
-6
Let f(c) = c**3 + 9*c**2 - 11*c - 55. Determine f(-10).
-45
Let l(x) = x**3 - 45*x**2 - 522*x + 24893. Determine l(44).
-11
Let p(u) = -u**3 - 38*u**2 - 312*u + 20. What is p(-26)?
20
Let o(m) = -113*m - 216. Calculate o(-2).
1